Calculate the greatest common divisor of 149 and 400363.
149
Calculate the highest common divisor of 1288 and 35869167.
23
Calculate the greatest common factor of 10 and 4695095.
5
What is the highest common divisor of 64 and 113258824?
8
Calculate the greatest common divisor of 22130451 and 14.
7
What is the greatest common divisor of 1729658 and 18?
2
What is the highest common divisor of 51 and 591109108?
17
What is the greatest common factor of 696676667 and 5966?
2983
Calculate the highest common divisor of 1536 and 17818.
2
What is the highest common factor of 43848 and 48594?
42
Calculate the greatest common divisor of 148385 and 3185.
5
Calculate the greatest common divisor of 14133 and 10521.
21
What is the greatest common divisor of 426060 and 261948?
3156
What is the highest common factor of 31176 and 48632?
8
What is the greatest common divisor of 11721143 and 170?
17
What is the greatest common factor of 484 and 9963173?
11
What is the greatest common divisor of 326638 and 4178306?
1478
What is the greatest common divisor of 30 and 2689080?
30
What is the highest common factor of 27984 and 1525234?
106
Calculate the highest common divisor of 82709 and 14801699.
803
What is the greatest common divisor of 5 and 20299840?
5
Calculate the highest common factor of 31600 and 44793.
79
Calculate the greatest common factor of 2450 and 39920202.
98
What is the highest common factor of 101539675 and 12700?
3175
Calculate the highest common divisor of 6877 and 1754989769.
6877
Calculate the greatest common divisor of 20775196 and 4.
4
What is the highest common factor of 50234400 and 28800?
7200
Calculate the highest common factor of 109051740 and 230.
230
What is the highest common factor of 1282202 and 22?
2
Calculate the highest common divisor of 2344 and 10917766.
586
Calculate the highest common divisor of 331072 and 36848.
112
Calculate the greatest common factor of 38852 and 2853664.
44
What is the highest common divisor of 62 and 542638322?
62
Calculate the greatest common divisor of 1849714903 and 877.
877
Calculate the highest common factor of 3118 and 39813742.
3118
What is the greatest common divisor of 160600 and 1475?
25
Calculate the highest common divisor of 712 and 59816.
8
Calculate the greatest common factor of 1198398 and 5952.
186
What is the highest common factor of 6024 and 61980?
12
Calculate the greatest common divisor of 73667082 and 35170.
7034
What is the greatest common divisor of 14417 and 12199?
1109
Calculate the highest common divisor of 14229 and 3302709.
1581
Calculate the highest common divisor of 919305 and 17670.
465
Calculate the highest common divisor of 27563 and 18748.
43
Calculate the highest common factor of 64 and 529561280.
64
What is the greatest common factor of 147971 and 4234?
73
What is the highest common divisor of 4165783686 and 18?
18
Calculate the greatest common factor of 2431011 and 99.
33
Calculate the highest common factor of 7715280 and 15500.
620
What is the highest common factor of 2360 and 3687352?
8
Calculate the greatest common factor of 89 and 163601402.
89
Calculate the greatest common factor of 99 and 2103519.
33
Calculate the greatest common factor of 858392505 and 14310.
7155
Calculate the greatest common factor of 51463 and 48283.
53
Calculate the highest common factor of 5625765 and 90.
45
What is the greatest common divisor of 21669932 and 16776?
932
Calculate the greatest common factor of 747 and 727661.
83
What is the highest common divisor of 166 and 69874380?
166
What is the highest common divisor of 467135 and 415?
5
Calculate the greatest common divisor of 82697 and 32144.
41
Calculate the highest common divisor of 47034821 and 18556.
4639
Calculate the highest common divisor of 71275 and 5245.
5
Calculate the highest common divisor of 6764453 and 425.
17
What is the highest common divisor of 6524 and 82232690?
466
Calculate the greatest common factor of 3509946 and 257526.
1026
Calculate the highest common factor of 18722637 and 81.
27
Calculate the highest common factor of 307585 and 1300710.
1135
Calculate the highest common divisor of 16 and 9205164.
4
What is the greatest common factor of 2863630 and 1010?
10
Calculate the greatest common factor of 1608788458 and 1718.
1718
What is the highest common factor of 12740 and 69937700?
980
What is the highest common factor of 33198230 and 130?
130
What is the greatest common divisor of 144274 and 577454?
358
What is the highest common factor of 873867 and 76?
19
Calculate the greatest common divisor of 1172741492 and 3848.
1924
What is the highest common divisor of 25 and 70675595?
5
What is the highest common factor of 66 and 69808206?
6
What is the highest common factor of 8109590 and 11902?
1082
Calculate the highest common factor of 19746 and 167706.
18
Calculate the greatest common divisor of 1390040 and 2950.
590
Calculate the greatest common factor of 6 and 11758050.
6
Calculate the greatest common divisor of 7411263 and 279.
93
Calculate the highest common factor of 147371172 and 780.
156
What is the greatest common divisor of 9770 and 372810499?
977
Calculate the highest common factor of 32610441 and 2546.
1273
What is the greatest common factor of 4026 and 35706?
66
What is the highest common divisor of 1312964 and 12932?
244
Calculate the greatest common divisor of 4564 and 465612.
28
Calculate the greatest common factor of 206 and 718430.
2
What is the highest common divisor of 193606 and 31094?
14
What is the greatest common divisor of 581454 and 12060?
18
Calculate the highest common factor of 4401444 and 12.
12
Calculate the highest common divisor of 23605948 and 68.
4
Calculate the greatest common divisor of 7084 and 121022.
22
What is the greatest common divisor of 1050 and 3559542?
42
What is the highest common factor of 3852 and 2928048?
12
Calculate the greatest common factor of 28361 and 1333685.
359
Calculate the greatest common divisor of 2938 and 1544062.
26
What is the greatest common divisor of 620 and 1258199790?
310
What is the greatest common divisor of 4555656 and 486?
54
Calculate the greatest common factor of 513 and 254502.
27
Calculate the greatest common factor of 2025 and 2669775.
75
Calculate the greatest common divisor of 115220631 and 474.
237
What is the greatest common factor of 2263 and 1529861?
73
Calculate the highest common factor of 897758 and 34.
2
Calculate the highest common factor of 17544532 and 364.
4
What is the greatest common divisor of 969 and 56615763?
969
What is the highest common divisor of 12 and 38430372?
12
Calculate the greatest common divisor of 6687572 and 322.
46
What is the highest common factor of 1000912 and 25388?
44
What is the highest common factor of 643000 and 406376?
5144
What is the highest common divisor of 23117321 and 118?
59
What is the greatest common divisor of 2856 and 243000?
24
What is the highest common factor of 148654 and 318278?
466
What is the greatest common divisor of 1862 and 142907569?
931
Calculate the greatest common factor of 1200216 and 12384.
1032
What is the greatest common factor of 1053 and 869373?
81
Calculate the greatest common factor of 698213968 and 134.
134
Calculate the highest common factor of 14301 and 13913284.
1589
Calculate the greatest common factor of 3638880 and 46900.
140
What is the highest common factor of 203500 and 154750?
250
Calculate the highest common factor of 22202336 and 53.
53
What is the highest common factor of 256666 and 29818?
34
What is the greatest common divisor of 11415060 and 540?
540
What is the highest common factor of 26 and 33665255?
13
What is the highest common divisor of 4447925 and 2825?
25
What is the greatest common factor of 1410736 and 1184?
592
What is the highest common divisor of 6508042 and 374?
34
Calculate the greatest common divisor of 130787452 and 148.
148
What is the highest common divisor of 289080 and 1696860?
1980
Calculate the greatest common factor of 2096 and 14840728.
1048
Calculate the highest common divisor of 80548 and 20765894.
3098
What is the greatest common divisor of 3612 and 12362532?
84
Calculate the greatest common divisor of 56768 and 10944.
64
Calculate the greatest common divisor of 5954900 and 1154132.
1316
What is the greatest c